. Let p be (q - 0)/((-2)/6). Is p/(-15) + (-13428)/(-30) composite?
True
Suppose -l + t + 827 + 277 = 0, -3*l - 5*t = -3288. Let y = -190 + l. Is y a composite number?
False
Let l(m) = 286*m**2 + 11*m - 65. Is l(6) a composite number?
True
Let l = -65453 - -106064. Is l a prime number?
False
Let x = 9 - -5. Suppose -11 = -5*g + x. Suppose g*s + 2012 = 9*s. Is s prime?
True
Suppose 2*a - 3*i = 227, -3*a + 331 = 4*i + i. Let u = a + 114. Is u a prime number?
False
Suppose -7*t = -12*t - 180. Let x be 117/t + (-2)/(-8). Is 1*87 - (-6)/x composite?
True
Let v = -4765 + 11306. Is v a composite number?
True
Suppose 3*m = 5*l - 24 - 6, 0 = 3*l + 2*m + 1. Suppose l*p + x - 449 = 0, 0 = -0*p + p - 2*x - 145. Let y = p + 474. Is y prime?
False
Suppose -4*q + r - 4177 = 0, q + 265 + 783 = r. Let j = -2202 - -3880. Let s = j + q. Is s a composite number?
True
Let j(q) = -1630*q - 3. Let s be j(8). Let r = -6064 - s. Is r a composite number?
True
Let f be (-2)/(-7) + 20/28. Let c be (6/(-3) - -1473) + f. Suppose -c = -5*g + 383. Is g composite?
True
Let m be (8/10)/((-30)/7950). Let s = 149 - m. Is s a composite number?
True
Let b(w) = 19*w**2 + 5*w + 49. Is b(-9) prime?
True
Suppose 0 = -5*l + 5*m - 15, l + 4*m = 3*l + 12. Suppose 0*h - h - 2 = l. Is (-2*(-47)/h)/(-1) a composite number?
False
Suppose -57*w + 116795 = -1407784. Is w a prime number?
False
Let y be (4*6/(-20))/(11/(-110)). Suppose 2*h + 2*h - 1212 = 0. Is 4*(h/y - 2) a prime number?
False
Let o(s) = -96*s + 39. Let p(h) = 192*h - 77. Let x(a) = 7*o(a) + 4*p(a). Is x(21) a prime number?
False
Is ((-1839)/12)/((-7)/28)*1 a prime number?
True
Suppose 0 = 3*v + 9*v - 128964. Is v a composite number?
True
Suppose 20194 + 1558 = 8*a. Is a prime?
True
Let j = 77 + -79. Is (j/(-3))/((-12)/(-11538)) composite?
False
Suppose 5*t - 2479 = 3*w - 7*w, 4*w = -t + 483. Is t a composite number?
False
Let y(n) = -n**2 + 2*n + 10. Let o(p) = p**2 - 2*p - 11. Let t(g) = -5*o(g) - 6*y(g). Suppose 3*l = -16 - 2. Is t(l) composite?
False
Suppose 3*f + 14275 = 2*w, -2*w - 4*f = -14254 - 0. Is w a composite number?
True
Suppose 18 = -2*i - i. Suppose -28*p = -30*p - 2. Is 2*p*39/i a prime number?
True
Let a(f) = -f**2 - f + 103. Let n be (-6)/(-9) - 4/6. Is a(n) prime?
True
Suppose 5431 + 4490 = 3*o. Is o a prime number?
True
Suppose 4*h - 4*p - 4908 = 0, 6*p = -5*h + p + 6095. Suppose 0 = k + 4*d - h, 0 = -d + 2*d + 2. Is k a prime number?
True
Let q be (0 + 18/3)*(-2)/4. Let c(w) = -6*w**3 - w**2 - 4. Is c(q) a prime number?
True
Suppose s + 166 = y, -4*y + 620 + 36 = 4*s. Suppose -4*l - 5*b + y = 0, 4*b + 160 = 5*l + b. Is l a prime number?
False
Suppose -10 = -2*a - a + m, 4*m = -4. Let v be ((-23)/a)/(9/(-81)). Suppose 0 = -h - 2*h + v. Is h prime?
True
Let d(a) = 696*a**2 + 47*a + 380. Is d(-9) a composite number?
False
Let m = 17 - 15. Let v be (-158)/m*(0 + -1). Suppose a - 3*h - 7 = 69, v = a - 2*h. Is a a composite number?
True
Let v(r) = 6*r**2 + 5*r + 5. Let j be v(-3). Let z = 24 - j. Is z/(-90) - 6739/(-9) a composite number?
True
Suppose -357 = -2*i - 0*i - 3*r, -i + 5*r + 159 = 0. Suppose -5*b = q - 0 - i, -3*b = -3*q + 540. Is q prime?
True
Let k be (4/4 - 3)*-1*-2. Is (5054/(-12) + k/12)*-2 a composite number?
True
Let y = 123193 - 43316. Is y prime?
False
Suppose 40*o = 44*o - 3940. Is o prime?
False
Let t be 2/6*(-36)/(-6). Let v(p) = -6*p**t - 2*p**2 - 4 - 3 + 4*p**2 + 5*p + 3*p**3. Is v(5) composite?
False
Suppose 3*f + 715 = -368. Is (f - 16)*(0 + -1) a composite number?
True
Let q(n) = -n**3 + 18*n**2 - 18*n + 17. Let z be q(17). Let r = -377 + 533. Suppose 2*j - r - 170 = z. Is j prime?
True
Let i = -6195 - -8736. Let s = -1432 + i. Is s a prime number?
True
Let r be (-276185)/(-260) - ((-6)/8)/(-3). Suppose 2*p + r = 3880. Is p prime?
True
Let p = -20547 - -37624. Is p a composite number?
False
Suppose u - 671 - 844 = 2*v, 0 = -4*u + 3*v + 6050. Is u composite?
False
Suppose -5*y + 3 = z - 17, z - 2*y + 8 = 0. Suppose z = r - 2*a - 305, 311 = r + a + 3*a. Is r a composite number?
False
Suppose 4*j = 2*u - 56758, u - 2*j = 3*j + 28367. Is u a composite number?
False
Suppose -3*n - 5*j + 27 = 0, 37 = 2*n - 0*j - 3*j. Suppose 0 = -4*k - 12, -5*o + k + 29 = -n. Is ((-987)/28)/((-3)/o) a composite number?
True
Suppose 12*r = 18*r - 1206. Is r composite?
True
Is 4/(-7) - -1 - (-1715872)/301 prime?
True
Suppose l - 7*k - 1706 = -2*k, 3*l - 5048 = k. Suppose -l = 3*f - 4*o, 0*f - 3*o - 2763 = 5*f. Let a = 806 + f. Is a prime?
True
Let y(c) = -3*c - 9. Suppose -2*o + k = 8, -6*o - 2*k = -o + 20. Let b be y(o). Suppose -446 = m - b*m. Is m prime?
True
Suppose 0 = -2*y + y - 4. Is -633*(12/9)/y composite?
False
Let l(o) = -95*o - 16. Let d(h) = -95*h - 17. Let v(w) = 5*d(w) - 6*l(w). Is v(4) composite?
True
Let t(s) = s**2 - s - 1. Let p(h) = 4*h**3 + 3*h**2 - 8*h - 8. Let r(a) = -p(a) + 5*t(a). Let f(x) = -x**3 + 6*x**2 - x + 4. Let d be f(6). Is r(d) composite?
False
Let s = 118 + -70. Suppose 0 = -46*b + s*b - 166. Is b a prime number?
True
Suppose 3*x + 173 = 3*h + 1109, 3*x + 3*h = 906. Is x a prime number?
True
Suppose 0 = -0*z - 2*z - 2*w - 8, 26 = -3*z + 4*w. Let c(y) = -861*y + 31. Is c(z) prime?
True
Let c(v) = -6*v - 1. Let j be c(7). Let z = j + 86. Is z a composite number?
False
Let d be (-6)/(-15) + 232/20. Suppose -3*g - 201 - d = -z, 3*g = -12. Is z a composite number?
True
Let w = 3 + -1. Let d(t) = -6*t + 4*t + 4*t**w - 2 + 0*t - t. Is d(5) a prime number?
True
Let n(l) = 1626*l - 11. Let i = -99 - -102. Is n(i) a prime number?
False
Suppose 3427 + 6887 = 9*d. Let z = 1703 - d. Is z a prime number?
True
Let z be -24 + (1 - (-9)/(-3)). Let f = z - -105. Is f a prime number?
True
Let l = -90 - -577. Suppose 0 = -d - 2*n + n + l, -d - 2*n + 485 = 0. Is d composite?
True
Let f be -1*((4 - 3) + 0). Let b = -6 + f. Let g(j) = -12*j + 7. Is g(b) composite?
True
Suppose -72078 - 14265 = -3*g. Is g a composite number?
True
Suppose -5*p - 6 - 9 = 0, -p + 48053 = 4*w. Is w composite?
True
Is (28/(-10))/((-10)/97225) composite?
True
Suppose 92*d - 80*d - 16356 = 0. Is d prime?
False
Let y(p) = p - 12. Let z be y(14). Suppose 2*w - 4 = 4*w - z*n, -2*n + 10 = 0. Suppose 194 = w*l - 1. Is l a composite number?
True
Let s(j) be the first derivative of j**3/3 + 6*j**2 - 9*j - 4. Let f be s(-13). Suppose -f*y + 3*r + 2008 = 0, 2*y + 5*r = -0*y + 978. Is y a composite number?
False
Let x(w) = 2 - 2*w + 9 - 4*w. Let r be 184/(-24) + 22/33. Is x(r) a prime number?
True
Let l be 5680/20 - 1*4. Let r be (-1)/(3/1)*-9. Suppose -2*q = 4*u - r*u - 149, 2*u - l = 2*q. Is u composite?
True
Let i(x) = 8*x + 5. Let c be i(5). Let q = 53 - 39. Let b = q + c. Is b prime?
True
Let y(i) = 88*i + 19. Let j(q) = -q**3 - 28*q**2 - q - 24. Let n be j(-28). Is y(n) composite?
True
Let l = 14 + -11. Suppose 11 - 5 = l*q. Suppose -3*v + 4*g + 348 = g, q*g = -3*v + 373. Is v prime?
False
Let c = -22535 - -75552. Is c a prime number?
True
Let r(y) = -16*y**3 - y**2 - 8*y + 2. Is r(-4) a prime number?
False
Suppose 61*d - 5980 = 59*d. Suppose -646 = 8*v - d. Is v a prime number?
True
Suppose 2*t = t + 5897. Is t composite?
False
Suppose -i = 2*o - 1701, -i + 71*o + 1709 = 75*o. Is i prime?
True
Suppose 271*f = 256*f + 308895. Is f a composite number?
False
Suppose 0 = w + 2*w - 531. Is 1 - (-1 + w/(-1)) prime?
True
Suppose -u + 1480 = 4*u. Suppose -2 = 3*y - 5, 2*y = -r + 400. Suppose 2*g = r + u. Is g a prime number?
True
Let p = -7242 + 14921. Is p composite?
True
Let a(i) = -15*i + 64. Let f be a(9). Let x = f - -1022. Is x a prime number?
False
Suppose 191*d - 198*d + 48587 = 0. Is d composite?
True
Let h(k) = -2*k**2 - k - 4. Let q be h(5). Suppose 2*m = 5 - 3, 5*v - 8 = 2*m. Is 6/3 - (q + v) a composite number?
False
Suppose 0 = -789*j + 803*j - 1236662. Is j a composite number?
True
Let p(u) be the second derivative of -u**6/90 - u**5/60 + 2*u**4/3 + u. Let r(l) be the third derivative of p(l). Is r(-8) a prime number?
False
Let o = -85 - -77. Is (-2511)/(-5) - o/10 a prime number?
True
Let d(v) = -4*v + 1. Let m be d(-1). Suppose -5*a + 7 = 2*z - 4, 27 = 4*z + m*a. Is -4*(-4)/z - -75 prime?
False
Let r = -353 + 512. Suppose -2*y + 3*w + 330 = -w, -5*w - r = -y. Suppose i = -4*s + 6*i + y, s + 4*i = 58. Is s comp